{"id":43,"date":"2017-12-17T10:06:43","date_gmt":"2017-12-17T10:06:43","guid":{"rendered":"https:\/\/lafibroyyo.com\/?page_id=43"},"modified":"2024-02-08T16:09:39","modified_gmt":"2024-02-08T21:09:39","slug":"about","status":"publish","type":"page","link":"https:\/\/lafibroyyo.com\/?page_id=43","title":{"rendered":"About"},"content":{"rendered":"\n\n\t<h1>\n\t\t\t\t\tsobre nosotros\n\t\t\t\t<\/h1>\n\t<h2>\n\t\t\t\t\t\u00bfQui\u00e9nes somos?\n\t\t\t\t<\/h2>\n\t\t\t<p>Somos una asociaci\u00f3n sin fines de lucro, que busca ser apoyo para personas con fibromialgia y enfermedades reum\u00e1ticas, en la cual nos educamos, empoderamos, escuchamos, compartimos experiencias para acompa\u00f1arnos.<!-- notionvc: 4c93820a-8aa1-4dee-9abd-3fba367ab476 --><\/p>\n\t\t\t<a href=\"https:\/\/www.instagram.com\/lafibroyyo\/?hl=es\" target=\"_self\" role=\"button\" rel=\"noopener\">\n\t\t\t\t\t\tCONT\u00c1CTANOS\n\t\t<\/a>\n\t\t\t\t<img decoding=\"async\" src=\"http:\/\/lafibroyyo.com\/wp-content\/uploads\/2023\/06\/cropped-Logo.png\" alt=\"http:\/\/lafibroyyo.com\/wp-content\/uploads\/2023\/06\/cropped-Logo.png\" itemprop=\"image\"\/>\n\t<h2>\n\t\t\t\t\tNuestra historia\n\t\t\t\t<\/h2>\n\t\t\t<p>El sue\u00f1o de este espacio comenz\u00f3 solo como un blog en instagram, donde Claudia compart\u00eda el diagnostico de fibromialgia y como era el camino que estaba recorriendo en el 2020. Con el tiempo la comunidad empez\u00f3 a crecer y hoy en d\u00eda somos varios pacientes que buscamos no solo visibilizar la fibromialgia si no diferentes enfermedades reum\u00e1ticas e invisibles.<\/p>\n\t<h2>\n\t\t\t\t\tS\u00edguenos\n\t\t\t\t<\/h2>\n\t<ul>\n\t\t<li><a href=\"https:\/\/facebook.com\/lafibroyyo\" target=\"_blank\" rel=\"noopener\"><\/a>\t\t\t\t\n\t\t<\/li>\t<\/ul>\n\t<ul>\n\t\t<li><a href=\"https:\/\/twitter.com\/lafibroyyoblog\" target=\"_blank\" rel=\"noopener\"><\/a>\t\t\t\t\n\t\t<\/li>\t<\/ul>\n\t<ul>\n\t\t<li><a href=\"https:\/\/instagram.com\/lafibroyyo\" target=\"_blank\" rel=\"noopener\"><\/a>\t\t\t\t\n\t\t<\/li>\t<\/ul>\n\n","protected":false},"excerpt":{"rendered":"<p>sobre nosotros \u00bfQui\u00e9nes somos? Somos una asociaci\u00f3n sin fines de lucro, que busca ser apoyo para personas con fibromialgia y enfermedades reum\u00e1ticas, en la cual nos educamos, empoderamos, escuchamos, compartimos experiencias para acompa\u00f1arnos. CONT\u00c1CTANOS Nuestra historia El sue\u00f1o de este espacio comenz\u00f3 solo como un blog en instagram, donde Claudia compart\u00eda el diagnostico de fibromialgia &hellip;<\/p>\n<p class=\"read-more\"> <a class=\"\" href=\"https:\/\/lafibroyyo.com\/?page_id=43\"> <span class=\"screen-reader-text\">About<\/span> Leer m\u00e1s &raquo;<\/a><\/p>\n","protected":false},"author":1,"featured_media":0,"parent":0,"menu_order":0,"comment_status":"closed","ping_status":"closed","template":"","meta":{"site-sidebar-layout":"no-sidebar","site-content-layout":"page-builder","ast-global-header-display":"","ast-banner-title-visibility":"","ast-main-header-display":"","ast-hfb-above-header-display":"","ast-hfb-below-header-display":"","ast-hfb-mobile-header-display":"","site-post-title":"disabled","ast-breadcrumbs-content":"","ast-featured-img":"disabled","footer-sml-layout":"","theme-transparent-header-meta":"","adv-header-id-meta":"","stick-header-meta":"","header-above-stick-meta":"","header-main-stick-meta":"","header-below-stick-meta":"","footnotes":""},"class_list":["post-43","page","type-page","status-publish","hentry"],"yoast_head":"<!-- This site is optimized with the Yoast SEO plugin v20.8 - https:\/\/yoast.com\/wordpress\/plugins\/seo\/ -->\n<title>About - La Fibro y Yo<\/title>\n<meta name=\"robots\" content=\"index, follow, max-snippet:-1, max-image-preview:large, max-video-preview:-1\" \/>\n<link rel=\"canonical\" href=\"https:\/\/lafibroyyo.com\/?page_id=43\" \/>\n<meta property=\"og:locale\" content=\"es_ES\" \/>\n<meta property=\"og:type\" content=\"article\" \/>\n<meta property=\"og:title\" content=\"About - La Fibro y Yo\" \/>\n<meta property=\"og:description\" content=\"sobre nosotros \u00bfQui\u00e9nes somos? Somos una asociaci\u00f3n sin fines de lucro, que busca ser apoyo para personas con fibromialgia y enfermedades reum\u00e1ticas, en la cual nos educamos, empoderamos, escuchamos, compartimos experiencias para acompa\u00f1arnos. CONT\u00c1CTANOS Nuestra historia El sue\u00f1o de este espacio comenz\u00f3 solo como un blog en instagram, donde Claudia compart\u00eda el diagnostico de fibromialgia &hellip; About Leer m\u00e1s &raquo;\" \/>\n<meta property=\"og:url\" content=\"https:\/\/lafibroyyo.com\/?page_id=43\" \/>\n<meta property=\"og:site_name\" content=\"La Fibro y Yo\" \/>\n<meta property=\"article:modified_time\" content=\"2024-02-08T21:09:39+00:00\" \/>\n<meta property=\"og:image\" content=\"http:\/\/lafibroyyo.com\/wp-content\/uploads\/2023\/06\/cropped-Logo.png\" \/>\n<meta name=\"twitter:card\" content=\"summary_large_image\" \/>\n<meta name=\"twitter:label1\" content=\"Tiempo de lectura\" \/>\n\t<meta name=\"twitter:data1\" content=\"1 minuto\" \/>\n<script type=\"application\/ld+json\" class=\"yoast-schema-graph\">{\"@context\":\"https:\/\/schema.org\",\"@graph\":[{\"@type\":\"WebPage\",\"@id\":\"https:\/\/lafibroyyo.com\/?page_id=43\",\"url\":\"https:\/\/lafibroyyo.com\/?page_id=43\",\"name\":\"About - La Fibro y Yo\",\"isPartOf\":{\"@id\":\"https:\/\/lafibroyyo.com\/#website\"},\"datePublished\":\"2017-12-17T10:06:43+00:00\",\"dateModified\":\"2024-02-08T21:09:39+00:00\",\"breadcrumb\":{\"@id\":\"https:\/\/lafibroyyo.com\/?page_id=43#breadcrumb\"},\"inLanguage\":\"es\",\"potentialAction\":[{\"@type\":\"ReadAction\",\"target\":[\"https:\/\/lafibroyyo.com\/?page_id=43\"]}]},{\"@type\":\"BreadcrumbList\",\"@id\":\"https:\/\/lafibroyyo.com\/?page_id=43#breadcrumb\",\"itemListElement\":[{\"@type\":\"ListItem\",\"position\":1,\"name\":\"Portada\",\"item\":\"https:\/\/lafibroyyo.com\/\"},{\"@type\":\"ListItem\",\"position\":2,\"name\":\"About\"}]},{\"@type\":\"WebSite\",\"@id\":\"https:\/\/lafibroyyo.com\/#website\",\"url\":\"https:\/\/lafibroyyo.com\/\",\"name\":\"La Fibro y Yo\",\"description\":\"\",\"publisher\":{\"@id\":\"https:\/\/lafibroyyo.com\/#organization\"},\"potentialAction\":[{\"@type\":\"SearchAction\",\"target\":{\"@type\":\"EntryPoint\",\"urlTemplate\":\"https:\/\/lafibroyyo.com\/?s={search_term_string}\"},\"query-input\":\"required name=search_term_string\"}],\"inLanguage\":\"es\"},{\"@type\":\"Organization\",\"@id\":\"https:\/\/lafibroyyo.com\/#organization\",\"name\":\"La Fibro y Yo\",\"url\":\"https:\/\/lafibroyyo.com\/\",\"logo\":{\"@type\":\"ImageObject\",\"inLanguage\":\"es\",\"@id\":\"https:\/\/lafibroyyo.com\/#\/schema\/logo\/image\/\",\"url\":\"https:\/\/lafibroyyo.com\/wp-content\/uploads\/2023\/06\/cropped-cropped-cropped-Logo.png\",\"contentUrl\":\"https:\/\/lafibroyyo.com\/wp-content\/uploads\/2023\/06\/cropped-cropped-cropped-Logo.png\",\"width\":512,\"height\":512,\"caption\":\"La Fibro y Yo\"},\"image\":{\"@id\":\"https:\/\/lafibroyyo.com\/#\/schema\/logo\/image\/\"}}]}<\/script>\n<!-- \/ Yoast SEO plugin. -->","yoast_head_json":{"title":"About - La Fibro y Yo","robots":{"index":"index","follow":"follow","max-snippet":"max-snippet:-1","max-image-preview":"max-image-preview:large","max-video-preview":"max-video-preview:-1"},"canonical":"https:\/\/lafibroyyo.com\/?page_id=43","og_locale":"es_ES","og_type":"article","og_title":"About - La Fibro y Yo","og_description":"sobre nosotros \u00bfQui\u00e9nes somos? Somos una asociaci\u00f3n sin fines de lucro, que busca ser apoyo para personas con fibromialgia y enfermedades reum\u00e1ticas, en la cual nos educamos, empoderamos, escuchamos, compartimos experiencias para acompa\u00f1arnos. CONT\u00c1CTANOS Nuestra historia El sue\u00f1o de este espacio comenz\u00f3 solo como un blog en instagram, donde Claudia compart\u00eda el diagnostico de fibromialgia &hellip; About Leer m\u00e1s &raquo;","og_url":"https:\/\/lafibroyyo.com\/?page_id=43","og_site_name":"La Fibro y Yo","article_modified_time":"2024-02-08T21:09:39+00:00","og_image":[{"url":"http:\/\/lafibroyyo.com\/wp-content\/uploads\/2023\/06\/cropped-Logo.png"}],"twitter_card":"summary_large_image","twitter_misc":{"Tiempo de lectura":"1 minuto"},"schema":{"@context":"https:\/\/schema.org","@graph":[{"@type":"WebPage","@id":"https:\/\/lafibroyyo.com\/?page_id=43","url":"https:\/\/lafibroyyo.com\/?page_id=43","name":"About - La Fibro y Yo","isPartOf":{"@id":"https:\/\/lafibroyyo.com\/#website"},"datePublished":"2017-12-17T10:06:43+00:00","dateModified":"2024-02-08T21:09:39+00:00","breadcrumb":{"@id":"https:\/\/lafibroyyo.com\/?page_id=43#breadcrumb"},"inLanguage":"es","potentialAction":[{"@type":"ReadAction","target":["https:\/\/lafibroyyo.com\/?page_id=43"]}]},{"@type":"BreadcrumbList","@id":"https:\/\/lafibroyyo.com\/?page_id=43#breadcrumb","itemListElement":[{"@type":"ListItem","position":1,"name":"Portada","item":"https:\/\/lafibroyyo.com\/"},{"@type":"ListItem","position":2,"name":"About"}]},{"@type":"WebSite","@id":"https:\/\/lafibroyyo.com\/#website","url":"https:\/\/lafibroyyo.com\/","name":"La Fibro y Yo","description":"","publisher":{"@id":"https:\/\/lafibroyyo.com\/#organization"},"potentialAction":[{"@type":"SearchAction","target":{"@type":"EntryPoint","urlTemplate":"https:\/\/lafibroyyo.com\/?s={search_term_string}"},"query-input":"required name=search_term_string"}],"inLanguage":"es"},{"@type":"Organization","@id":"https:\/\/lafibroyyo.com\/#organization","name":"La Fibro y Yo","url":"https:\/\/lafibroyyo.com\/","logo":{"@type":"ImageObject","inLanguage":"es","@id":"https:\/\/lafibroyyo.com\/#\/schema\/logo\/image\/","url":"https:\/\/lafibroyyo.com\/wp-content\/uploads\/2023\/06\/cropped-cropped-cropped-Logo.png","contentUrl":"https:\/\/lafibroyyo.com\/wp-content\/uploads\/2023\/06\/cropped-cropped-cropped-Logo.png","width":512,"height":512,"caption":"La Fibro y Yo"},"image":{"@id":"https:\/\/lafibroyyo.com\/#\/schema\/logo\/image\/"}}]}},"_links":{"self":[{"href":"https:\/\/lafibroyyo.com\/index.php?rest_route=\/wp\/v2\/pages\/43","targetHints":{"allow":["GET"]}}],"collection":[{"href":"https:\/\/lafibroyyo.com\/index.php?rest_route=\/wp\/v2\/pages"}],"about":[{"href":"https:\/\/lafibroyyo.com\/index.php?rest_route=\/wp\/v2\/types\/page"}],"author":[{"embeddable":true,"href":"https:\/\/lafibroyyo.com\/index.php?rest_route=\/wp\/v2\/users\/1"}],"replies":[{"embeddable":true,"href":"https:\/\/lafibroyyo.com\/index.php?rest_route=%2Fwp%2Fv2%2Fcomments&post=43"}],"version-history":[{"count":4,"href":"https:\/\/lafibroyyo.com\/index.php?rest_route=\/wp\/v2\/pages\/43\/revisions"}],"predecessor-version":[{"id":892,"href":"https:\/\/lafibroyyo.com\/index.php?rest_route=\/wp\/v2\/pages\/43\/revisions\/892"}],"wp:attachment":[{"href":"https:\/\/lafibroyyo.com\/index.php?rest_route=%2Fwp%2Fv2%2Fmedia&parent=43"}],"curies":[{"name":"wp","href":"https:\/\/api.w.org\/{rel}","templated":true}]}}