{"id":802,"date":"2017-12-17T06:31:19","date_gmt":"2017-12-17T06:31:19","guid":{"rendered":"https:\/\/lafibroyyo.com\/?page_id=802"},"modified":"2024-02-08T16:06:16","modified_gmt":"2024-02-08T21:06:16","slug":"home","status":"publish","type":"page","link":"https:\/\/lafibroyyo.com\/","title":{"rendered":"Home"},"content":{"rendered":"\n<h2>\n\t\tVisibilizando lo invisible\n\t<\/h2>\n\t<p>Viviendo una cuchara a la vez.<\/p>\n\t<p>Empatia<\/p>\n\t<p>Respeto<\/p>\n\t<p>Calidez<\/p>\n<h2>\n\t\tMISI\u00d3N\n\t<\/h2>\n\t<p>Acompa\u00f1ar a personas y familiares, con fibromialgia y\/o enfermedades reum\u00e1ticas; apoyando, promoviendo y desarrollando talleres y actividades educativas.<!-- notionvc: 4e9f7cbd-9e62-4c82-b010-df173e109722 --><\/p>\n\t\t\t\t<img decoding=\"async\" src=\"http:\/\/lafibroyyo.com\/wp-content\/uploads\/2024\/02\/vision.png\" alt=\"vision\" itemprop=\"image\" title=\"vision\" onerror=\"this.style.display='none'\"  \/>\n<h2>\n\t\tVISI\u00d3N\n\t<\/h2>\n\t<p>Ser una asociaci\u00f3n comprometida en el acompa\u00f1amiento a personas y familiares, con fibromialgia y\/o enfermedades reum\u00e1ticas; siendo reconocidos a nivel local y nacional, por el impacto de nuestras actividades.<!-- notionvc: 818052ad-6386-48f9-8d12-cfeeb08d0c62 --><\/p>\n\n","protected":false},"excerpt":{"rendered":"<p>Visibilizando lo invisible Viviendo una cuchara a la vez. Empatia Respeto Calidez MISI\u00d3N Acompa\u00f1ar a personas y familiares, con fibromialgia y\/o enfermedades reum\u00e1ticas; apoyando, promoviendo y desarrollando talleres y actividades educativas. VISI\u00d3N Ser una asociaci\u00f3n comprometida en el acompa\u00f1amiento a personas y familiares, con fibromialgia y\/o enfermedades reum\u00e1ticas; siendo reconocidos a nivel local y nacional, &hellip;<\/p>\n<p class=\"read-more\"> <a class=\"\" href=\"https:\/\/lafibroyyo.com\/\"> <span class=\"screen-reader-text\">Home<\/span> Leer m\u00e1s &raquo;<\/a><\/p>\n","protected":false},"author":1,"featured_media":0,"parent":0,"menu_order":0,"comment_status":"closed","ping_status":"closed","template":"","meta":{"site-sidebar-layout":"no-sidebar","site-content-layout":"page-builder","ast-global-header-display":"","ast-banner-title-visibility":"","ast-main-header-display":"","ast-hfb-above-header-display":"","ast-hfb-below-header-display":"","ast-hfb-mobile-header-display":"","site-post-title":"disabled","ast-breadcrumbs-content":"","ast-featured-img":"disabled","footer-sml-layout":"","theme-transparent-header-meta":"","adv-header-id-meta":"","stick-header-meta":"","header-above-stick-meta":"","header-main-stick-meta":"","header-below-stick-meta":"","footnotes":""},"class_list":["post-802","page","type-page","status-publish","hentry"],"yoast_head":"<!-- This site is optimized with the Yoast SEO plugin v20.8 - https:\/\/yoast.com\/wordpress\/plugins\/seo\/ -->\n<title>Home - La Fibro y Yo<\/title>\n<meta name=\"robots\" content=\"index, follow, max-snippet:-1, max-image-preview:large, max-video-preview:-1\" \/>\n<link rel=\"canonical\" href=\"https:\/\/lafibroyyo.com\/\" \/>\n<meta property=\"og:locale\" content=\"es_ES\" \/>\n<meta property=\"og:type\" content=\"article\" \/>\n<meta property=\"og:title\" content=\"Home - La Fibro y Yo\" \/>\n<meta property=\"og:description\" content=\"Visibilizando lo invisible Viviendo una cuchara a la vez. Empatia Respeto Calidez MISI\u00d3N Acompa\u00f1ar a personas y familiares, con fibromialgia y\/o enfermedades reum\u00e1ticas; apoyando, promoviendo y desarrollando talleres y actividades educativas. VISI\u00d3N Ser una asociaci\u00f3n comprometida en el acompa\u00f1amiento a personas y familiares, con fibromialgia y\/o enfermedades reum\u00e1ticas; siendo reconocidos a nivel local y nacional, &hellip; Home Leer m\u00e1s &raquo;\" \/>\n<meta property=\"og:url\" content=\"https:\/\/lafibroyyo.com\/\" \/>\n<meta property=\"og:site_name\" content=\"La Fibro y Yo\" \/>\n<meta property=\"article:modified_time\" content=\"2024-02-08T21:06:16+00:00\" \/>\n<meta property=\"og:image\" content=\"http:\/\/lafibroyyo.com\/wp-content\/uploads\/2024\/02\/vision.png\" \/>\n<meta name=\"twitter:card\" content=\"summary_large_image\" \/>\n<script type=\"application\/ld+json\" class=\"yoast-schema-graph\">{\"@context\":\"https:\/\/schema.org\",\"@graph\":[{\"@type\":\"WebPage\",\"@id\":\"https:\/\/lafibroyyo.com\/\",\"url\":\"https:\/\/lafibroyyo.com\/\",\"name\":\"Home - La Fibro y Yo\",\"isPartOf\":{\"@id\":\"https:\/\/lafibroyyo.com\/#website\"},\"datePublished\":\"2017-12-17T06:31:19+00:00\",\"dateModified\":\"2024-02-08T21:06:16+00:00\",\"breadcrumb\":{\"@id\":\"https:\/\/lafibroyyo.com\/#breadcrumb\"},\"inLanguage\":\"es\",\"potentialAction\":[{\"@type\":\"ReadAction\",\"target\":[\"https:\/\/lafibroyyo.com\/\"]}]},{\"@type\":\"BreadcrumbList\",\"@id\":\"https:\/\/lafibroyyo.com\/#breadcrumb\",\"itemListElement\":[{\"@type\":\"ListItem\",\"position\":1,\"name\":\"Portada\",\"item\":\"https:\/\/lafibroyyo.com\/\"},{\"@type\":\"ListItem\",\"position\":2,\"name\":\"Home\"}]},{\"@type\":\"WebSite\",\"@id\":\"https:\/\/lafibroyyo.com\/#website\",\"url\":\"https:\/\/lafibroyyo.com\/\",\"name\":\"La Fibro y Yo\",\"description\":\"\",\"publisher\":{\"@id\":\"https:\/\/lafibroyyo.com\/#organization\"},\"potentialAction\":[{\"@type\":\"SearchAction\",\"target\":{\"@type\":\"EntryPoint\",\"urlTemplate\":\"https:\/\/lafibroyyo.com\/?s={search_term_string}\"},\"query-input\":\"required name=search_term_string\"}],\"inLanguage\":\"es\"},{\"@type\":\"Organization\",\"@id\":\"https:\/\/lafibroyyo.com\/#organization\",\"name\":\"La Fibro y Yo\",\"url\":\"https:\/\/lafibroyyo.com\/\",\"logo\":{\"@type\":\"ImageObject\",\"inLanguage\":\"es\",\"@id\":\"https:\/\/lafibroyyo.com\/#\/schema\/logo\/image\/\",\"url\":\"https:\/\/lafibroyyo.com\/wp-content\/uploads\/2023\/06\/cropped-cropped-cropped-Logo.png\",\"contentUrl\":\"https:\/\/lafibroyyo.com\/wp-content\/uploads\/2023\/06\/cropped-cropped-cropped-Logo.png\",\"width\":512,\"height\":512,\"caption\":\"La Fibro y Yo\"},\"image\":{\"@id\":\"https:\/\/lafibroyyo.com\/#\/schema\/logo\/image\/\"}}]}<\/script>\n<!-- \/ Yoast SEO plugin. -->","yoast_head_json":{"title":"Home - La Fibro y Yo","robots":{"index":"index","follow":"follow","max-snippet":"max-snippet:-1","max-image-preview":"max-image-preview:large","max-video-preview":"max-video-preview:-1"},"canonical":"https:\/\/lafibroyyo.com\/","og_locale":"es_ES","og_type":"article","og_title":"Home - La Fibro y Yo","og_description":"Visibilizando lo invisible Viviendo una cuchara a la vez. Empatia Respeto Calidez MISI\u00d3N Acompa\u00f1ar a personas y familiares, con fibromialgia y\/o enfermedades reum\u00e1ticas; apoyando, promoviendo y desarrollando talleres y actividades educativas. VISI\u00d3N Ser una asociaci\u00f3n comprometida en el acompa\u00f1amiento a personas y familiares, con fibromialgia y\/o enfermedades reum\u00e1ticas; siendo reconocidos a nivel local y nacional, &hellip; Home Leer m\u00e1s &raquo;","og_url":"https:\/\/lafibroyyo.com\/","og_site_name":"La Fibro y Yo","article_modified_time":"2024-02-08T21:06:16+00:00","og_image":[{"url":"http:\/\/lafibroyyo.com\/wp-content\/uploads\/2024\/02\/vision.png"}],"twitter_card":"summary_large_image","schema":{"@context":"https:\/\/schema.org","@graph":[{"@type":"WebPage","@id":"https:\/\/lafibroyyo.com\/","url":"https:\/\/lafibroyyo.com\/","name":"Home - La Fibro y Yo","isPartOf":{"@id":"https:\/\/lafibroyyo.com\/#website"},"datePublished":"2017-12-17T06:31:19+00:00","dateModified":"2024-02-08T21:06:16+00:00","breadcrumb":{"@id":"https:\/\/lafibroyyo.com\/#breadcrumb"},"inLanguage":"es","potentialAction":[{"@type":"ReadAction","target":["https:\/\/lafibroyyo.com\/"]}]},{"@type":"BreadcrumbList","@id":"https:\/\/lafibroyyo.com\/#breadcrumb","itemListElement":[{"@type":"ListItem","position":1,"name":"Portada","item":"https:\/\/lafibroyyo.com\/"},{"@type":"ListItem","position":2,"name":"Home"}]},{"@type":"WebSite","@id":"https:\/\/lafibroyyo.com\/#website","url":"https:\/\/lafibroyyo.com\/","name":"La Fibro y Yo","description":"","publisher":{"@id":"https:\/\/lafibroyyo.com\/#organization"},"potentialAction":[{"@type":"SearchAction","target":{"@type":"EntryPoint","urlTemplate":"https:\/\/lafibroyyo.com\/?s={search_term_string}"},"query-input":"required name=search_term_string"}],"inLanguage":"es"},{"@type":"Organization","@id":"https:\/\/lafibroyyo.com\/#organization","name":"La Fibro y Yo","url":"https:\/\/lafibroyyo.com\/","logo":{"@type":"ImageObject","inLanguage":"es","@id":"https:\/\/lafibroyyo.com\/#\/schema\/logo\/image\/","url":"https:\/\/lafibroyyo.com\/wp-content\/uploads\/2023\/06\/cropped-cropped-cropped-Logo.png","contentUrl":"https:\/\/lafibroyyo.com\/wp-content\/uploads\/2023\/06\/cropped-cropped-cropped-Logo.png","width":512,"height":512,"caption":"La Fibro y Yo"},"image":{"@id":"https:\/\/lafibroyyo.com\/#\/schema\/logo\/image\/"}}]}},"_links":{"self":[{"href":"https:\/\/lafibroyyo.com\/index.php?rest_route=\/wp\/v2\/pages\/802","targetHints":{"allow":["GET"]}}],"collection":[{"href":"https:\/\/lafibroyyo.com\/index.php?rest_route=\/wp\/v2\/pages"}],"about":[{"href":"https:\/\/lafibroyyo.com\/index.php?rest_route=\/wp\/v2\/types\/page"}],"author":[{"embeddable":true,"href":"https:\/\/lafibroyyo.com\/index.php?rest_route=\/wp\/v2\/users\/1"}],"replies":[{"embeddable":true,"href":"https:\/\/lafibroyyo.com\/index.php?rest_route=%2Fwp%2Fv2%2Fcomments&post=802"}],"version-history":[{"count":16,"href":"https:\/\/lafibroyyo.com\/index.php?rest_route=\/wp\/v2\/pages\/802\/revisions"}],"predecessor-version":[{"id":891,"href":"https:\/\/lafibroyyo.com\/index.php?rest_route=\/wp\/v2\/pages\/802\/revisions\/891"}],"wp:attachment":[{"href":"https:\/\/lafibroyyo.com\/index.php?rest_route=%2Fwp%2Fv2%2Fmedia&parent=802"}],"curies":[{"name":"wp","href":"https:\/\/api.w.org\/{rel}","templated":true}]}}