{"id":901,"date":"2025-04-10T14:31:15","date_gmt":"2025-04-10T19:31:15","guid":{"rendered":"https:\/\/lafibroyyo.com\/?page_id=901"},"modified":"2025-05-27T11:24:18","modified_gmt":"2025-05-27T16:24:18","slug":"nuestros-eventos","status":"publish","type":"page","link":"https:\/\/lafibroyyo.com\/?page_id=901","title":{"rendered":"Nuestros eventos"},"content":{"rendered":"\n<h2>\n\t\tNUESTROS EVENTOS\n\t<\/h2>\n<h2>\n\t\tPrimer evento: Fullday sobre el Dolor cr\u00f3nico\n\t<\/h2>\n\t\t\t\t<img decoding=\"async\" src=\"http:\/\/lafibroyyo.com\/wp-content\/uploads\/2025\/04\/IMG_2662-scaled.jpeg\" alt=\"IMG_2662\" itemprop=\"image\" title=\"IMG_2662\" onerror=\"this.style.display='none'\"  \/>\n\t\t\t\t<img decoding=\"async\" src=\"http:\/\/lafibroyyo.com\/wp-content\/uploads\/2025\/04\/IMG_2670-scaled.jpeg\" alt=\"IMG_2670\" itemprop=\"image\" title=\"IMG_2670\" onerror=\"this.style.display='none'\"  \/>\n<h2>\n\t\tClases de Yoga para enfermedades cr\u00f3nicas\n\t<\/h2>\n\t\t\t\t<img decoding=\"async\" src=\"http:\/\/lafibroyyo.com\/wp-content\/uploads\/2025\/04\/a3e4eaf4-50bc-4c5f-ad1d-cb40df180b6e.jpeg\" alt=\"a3e4eaf4-50bc-4c5f-ad1d-cb40df180b6e\" itemprop=\"image\" title=\"a3e4eaf4-50bc-4c5f-ad1d-cb40df180b6e\" onerror=\"this.style.display='none'\"  \/>\n\t\t\t\t<img decoding=\"async\" src=\"http:\/\/lafibroyyo.com\/wp-content\/uploads\/2025\/04\/a3e0e0f7-04bb-4d1c-ad79-e69658579a86.jpeg\" alt=\"a3e0e0f7-04bb-4d1c-ad79-e69658579a86\" itemprop=\"image\" title=\"a3e0e0f7-04bb-4d1c-ad79-e69658579a86\" onerror=\"this.style.display='none'\"  \/>\n<h2>\n\t\tTaller psicol\u00f3gico sobre la Depresi\u00f3n y el dolor cr\u00f3nico\n\t<\/h2>\n\t\t\t\t<img decoding=\"async\" src=\"http:\/\/lafibroyyo.com\/wp-content\/uploads\/2025\/04\/eb8c1e57-0f92-4fbf-9913-ca4ee3c2712c.jpeg\" alt=\"eb8c1e57-0f92-4fbf-9913-ca4ee3c2712c\" itemprop=\"image\" title=\"eb8c1e57-0f92-4fbf-9913-ca4ee3c2712c\" onerror=\"this.style.display='none'\"  \/>\n\t\t\t\t<img decoding=\"async\" src=\"http:\/\/lafibroyyo.com\/wp-content\/uploads\/2025\/04\/c66cd19a-36dd-4909-ac1a-10f2e640f292.jpeg\" alt=\"c66cd19a-36dd-4909-ac1a-10f2e640f292\" itemprop=\"image\" title=\"c66cd19a-36dd-4909-ac1a-10f2e640f292\" onerror=\"this.style.display='none'\"  \/>\n<h2>\n\t\tFibro Fest, 10 de mayo del 2025\n\t<\/h2>\n\t\t\t\t<img decoding=\"async\" src=\"http:\/\/lafibroyyo.com\/wp-content\/uploads\/2025\/05\/Captura-de-pantalla-2025-05-10-a-las-9.08.13-1-scaled.png\" alt=\"Captura de pantalla 2025-05-10 a las 9.08.13\" itemprop=\"image\" title=\"Captura de pantalla 2025-05-10 a las 9.08.13\" onerror=\"this.style.display='none'\"  \/>\n\t\t\t\t<img decoding=\"async\" src=\"http:\/\/lafibroyyo.com\/wp-content\/uploads\/2025\/05\/Captura-de-pantalla-2025-05-10-a-las-10.07.47-1-scaled.png\" alt=\"Captura de pantalla 2025-05-10 a las 10.07.47\" itemprop=\"image\" title=\"Captura de pantalla 2025-05-10 a las 10.07.47\" onerror=\"this.style.display='none'\"  \/>\n\t\t\t\t<img decoding=\"async\" src=\"http:\/\/lafibroyyo.com\/wp-content\/uploads\/2025\/05\/Captura-de-pantalla-2025-05-10-a-las-10.39.35-1-scaled.png\" alt=\"Captura de pantalla 2025-05-10 a las 10.39.35\" itemprop=\"image\" title=\"Captura de pantalla 2025-05-10 a las 10.39.35\" onerror=\"this.style.display='none'\"  \/>\n\t\t\t\t<img decoding=\"async\" src=\"http:\/\/lafibroyyo.com\/wp-content\/uploads\/2025\/05\/Captura-de-pantalla-2025-05-10-a-las-12.18.55-1-scaled.png\" alt=\"Captura de pantalla 2025-05-10 a las 12.18.55\" itemprop=\"image\" title=\"Captura de pantalla 2025-05-10 a las 12.18.55\" onerror=\"this.style.display='none'\"  \/>\n\t\t\t\t<img decoding=\"async\" src=\"http:\/\/lafibroyyo.com\/wp-content\/uploads\/2025\/05\/Captura-de-pantalla-2025-05-10-a-las-10.26.39-1-scaled.png\" alt=\"Captura de pantalla 2025-05-10 a las 10.26.39\" itemprop=\"image\" title=\"Captura de pantalla 2025-05-10 a las 10.26.39\" onerror=\"this.style.display='none'\"  \/>\n\t\t\t\t<img decoding=\"async\" src=\"http:\/\/lafibroyyo.com\/wp-content\/uploads\/2025\/05\/Captura-de-pantalla-2025-05-10-a-las-11.19.25-1-scaled.png\" alt=\"Captura de pantalla 2025-05-10 a las 11.19.25\" itemprop=\"image\" title=\"Captura de pantalla 2025-05-10 a las 11.19.25\" onerror=\"this.style.display='none'\"  \/>\n<h2>\n\t\tClases de yoga para dolor cr\u00f3nico\n\t<\/h2>\n\t\t\t\t<img decoding=\"async\" src=\"http:\/\/lafibroyyo.com\/wp-content\/uploads\/2025\/05\/1552d50c-a0c2-40ef-9405-a426db118917.jpeg\" alt=\"1552d50c-a0c2-40ef-9405-a426db118917\" itemprop=\"image\" title=\"1552d50c-a0c2-40ef-9405-a426db118917\" onerror=\"this.style.display='none'\"  \/>\n\t\t\t\t<img decoding=\"async\" src=\"http:\/\/lafibroyyo.com\/wp-content\/uploads\/2025\/05\/IMG_4305.png\" alt=\"IMG_4305\" itemprop=\"image\" title=\"IMG_4305\" onerror=\"this.style.display='none'\"  \/>\n\n","protected":false},"excerpt":{"rendered":"<p>NUESTROS EVENTOS Primer evento: Fullday sobre el Dolor cr\u00f3nico Clases de Yoga para enfermedades cr\u00f3nicas Taller psicol\u00f3gico sobre la Depresi\u00f3n y el dolor cr\u00f3nico Fibro Fest, 10 de mayo del 2025 Clases de yoga para dolor cr\u00f3nico<\/p>\n","protected":false},"author":1,"featured_media":0,"parent":0,"menu_order":0,"comment_status":"closed","ping_status":"closed","template":"","meta":{"site-sidebar-layout":"no-sidebar","site-content-layout":"page-builder","ast-global-header-display":"","ast-banner-title-visibility":"","ast-main-header-display":"","ast-hfb-above-header-display":"","ast-hfb-below-header-display":"","ast-hfb-mobile-header-display":"","site-post-title":"disabled","ast-breadcrumbs-content":"","ast-featured-img":"disabled","footer-sml-layout":"","theme-transparent-header-meta":"","adv-header-id-meta":"","stick-header-meta":"","header-above-stick-meta":"","header-main-stick-meta":"","header-below-stick-meta":"","footnotes":""},"class_list":["post-901","page","type-page","status-publish","hentry"],"yoast_head":"<!-- This site is optimized with the Yoast SEO plugin v20.8 - https:\/\/yoast.com\/wordpress\/plugins\/seo\/ -->\n<title>Nuestros eventos - La Fibro y Yo<\/title>\n<meta name=\"robots\" content=\"index, follow, max-snippet:-1, max-image-preview:large, max-video-preview:-1\" \/>\n<link rel=\"canonical\" href=\"https:\/\/lafibroyyo.com\/?page_id=901\" \/>\n<meta property=\"og:locale\" content=\"es_ES\" \/>\n<meta property=\"og:type\" content=\"article\" \/>\n<meta property=\"og:title\" content=\"Nuestros eventos - La Fibro y Yo\" \/>\n<meta property=\"og:description\" content=\"NUESTROS EVENTOS Primer evento: Fullday sobre el Dolor cr\u00f3nico Clases de Yoga para enfermedades cr\u00f3nicas Taller psicol\u00f3gico sobre la Depresi\u00f3n y el dolor cr\u00f3nico Fibro Fest, 10 de mayo del 2025 Clases de yoga para dolor cr\u00f3nico\" \/>\n<meta property=\"og:url\" content=\"https:\/\/lafibroyyo.com\/?page_id=901\" \/>\n<meta property=\"og:site_name\" content=\"La Fibro y Yo\" \/>\n<meta property=\"article:modified_time\" content=\"2025-05-27T16:24:18+00:00\" \/>\n<meta property=\"og:image\" content=\"http:\/\/lafibroyyo.com\/wp-content\/uploads\/2025\/04\/IMG_2662-scaled.jpeg\" \/>\n<meta name=\"twitter:card\" content=\"summary_large_image\" \/>\n<script type=\"application\/ld+json\" class=\"yoast-schema-graph\">{\"@context\":\"https:\/\/schema.org\",\"@graph\":[{\"@type\":\"WebPage\",\"@id\":\"https:\/\/lafibroyyo.com\/?page_id=901\",\"url\":\"https:\/\/lafibroyyo.com\/?page_id=901\",\"name\":\"Nuestros eventos - La Fibro y Yo\",\"isPartOf\":{\"@id\":\"https:\/\/lafibroyyo.com\/#website\"},\"datePublished\":\"2025-04-10T19:31:15+00:00\",\"dateModified\":\"2025-05-27T16:24:18+00:00\",\"breadcrumb\":{\"@id\":\"https:\/\/lafibroyyo.com\/?page_id=901#breadcrumb\"},\"inLanguage\":\"es\",\"potentialAction\":[{\"@type\":\"ReadAction\",\"target\":[\"https:\/\/lafibroyyo.com\/?page_id=901\"]}]},{\"@type\":\"BreadcrumbList\",\"@id\":\"https:\/\/lafibroyyo.com\/?page_id=901#breadcrumb\",\"itemListElement\":[{\"@type\":\"ListItem\",\"position\":1,\"name\":\"Portada\",\"item\":\"https:\/\/lafibroyyo.com\/\"},{\"@type\":\"ListItem\",\"position\":2,\"name\":\"Nuestros eventos\"}]},{\"@type\":\"WebSite\",\"@id\":\"https:\/\/lafibroyyo.com\/#website\",\"url\":\"https:\/\/lafibroyyo.com\/\",\"name\":\"La Fibro y Yo\",\"description\":\"\",\"publisher\":{\"@id\":\"https:\/\/lafibroyyo.com\/#organization\"},\"potentialAction\":[{\"@type\":\"SearchAction\",\"target\":{\"@type\":\"EntryPoint\",\"urlTemplate\":\"https:\/\/lafibroyyo.com\/?s={search_term_string}\"},\"query-input\":\"required name=search_term_string\"}],\"inLanguage\":\"es\"},{\"@type\":\"Organization\",\"@id\":\"https:\/\/lafibroyyo.com\/#organization\",\"name\":\"La Fibro y Yo\",\"url\":\"https:\/\/lafibroyyo.com\/\",\"logo\":{\"@type\":\"ImageObject\",\"inLanguage\":\"es\",\"@id\":\"https:\/\/lafibroyyo.com\/#\/schema\/logo\/image\/\",\"url\":\"https:\/\/lafibroyyo.com\/wp-content\/uploads\/2023\/06\/cropped-cropped-cropped-Logo.png\",\"contentUrl\":\"https:\/\/lafibroyyo.com\/wp-content\/uploads\/2023\/06\/cropped-cropped-cropped-Logo.png\",\"width\":512,\"height\":512,\"caption\":\"La Fibro y Yo\"},\"image\":{\"@id\":\"https:\/\/lafibroyyo.com\/#\/schema\/logo\/image\/\"}}]}<\/script>\n<!-- \/ Yoast SEO plugin. -->","yoast_head_json":{"title":"Nuestros eventos - La Fibro y Yo","robots":{"index":"index","follow":"follow","max-snippet":"max-snippet:-1","max-image-preview":"max-image-preview:large","max-video-preview":"max-video-preview:-1"},"canonical":"https:\/\/lafibroyyo.com\/?page_id=901","og_locale":"es_ES","og_type":"article","og_title":"Nuestros eventos - La Fibro y Yo","og_description":"NUESTROS EVENTOS Primer evento: Fullday sobre el Dolor cr\u00f3nico Clases de Yoga para enfermedades cr\u00f3nicas Taller psicol\u00f3gico sobre la Depresi\u00f3n y el dolor cr\u00f3nico Fibro Fest, 10 de mayo del 2025 Clases de yoga para dolor cr\u00f3nico","og_url":"https:\/\/lafibroyyo.com\/?page_id=901","og_site_name":"La Fibro y Yo","article_modified_time":"2025-05-27T16:24:18+00:00","og_image":[{"url":"http:\/\/lafibroyyo.com\/wp-content\/uploads\/2025\/04\/IMG_2662-scaled.jpeg"}],"twitter_card":"summary_large_image","schema":{"@context":"https:\/\/schema.org","@graph":[{"@type":"WebPage","@id":"https:\/\/lafibroyyo.com\/?page_id=901","url":"https:\/\/lafibroyyo.com\/?page_id=901","name":"Nuestros eventos - La Fibro y Yo","isPartOf":{"@id":"https:\/\/lafibroyyo.com\/#website"},"datePublished":"2025-04-10T19:31:15+00:00","dateModified":"2025-05-27T16:24:18+00:00","breadcrumb":{"@id":"https:\/\/lafibroyyo.com\/?page_id=901#breadcrumb"},"inLanguage":"es","potentialAction":[{"@type":"ReadAction","target":["https:\/\/lafibroyyo.com\/?page_id=901"]}]},{"@type":"BreadcrumbList","@id":"https:\/\/lafibroyyo.com\/?page_id=901#breadcrumb","itemListElement":[{"@type":"ListItem","position":1,"name":"Portada","item":"https:\/\/lafibroyyo.com\/"},{"@type":"ListItem","position":2,"name":"Nuestros eventos"}]},{"@type":"WebSite","@id":"https:\/\/lafibroyyo.com\/#website","url":"https:\/\/lafibroyyo.com\/","name":"La Fibro y Yo","description":"","publisher":{"@id":"https:\/\/lafibroyyo.com\/#organization"},"potentialAction":[{"@type":"SearchAction","target":{"@type":"EntryPoint","urlTemplate":"https:\/\/lafibroyyo.com\/?s={search_term_string}"},"query-input":"required name=search_term_string"}],"inLanguage":"es"},{"@type":"Organization","@id":"https:\/\/lafibroyyo.com\/#organization","name":"La Fibro y Yo","url":"https:\/\/lafibroyyo.com\/","logo":{"@type":"ImageObject","inLanguage":"es","@id":"https:\/\/lafibroyyo.com\/#\/schema\/logo\/image\/","url":"https:\/\/lafibroyyo.com\/wp-content\/uploads\/2023\/06\/cropped-cropped-cropped-Logo.png","contentUrl":"https:\/\/lafibroyyo.com\/wp-content\/uploads\/2023\/06\/cropped-cropped-cropped-Logo.png","width":512,"height":512,"caption":"La Fibro y Yo"},"image":{"@id":"https:\/\/lafibroyyo.com\/#\/schema\/logo\/image\/"}}]}},"_links":{"self":[{"href":"https:\/\/lafibroyyo.com\/index.php?rest_route=\/wp\/v2\/pages\/901","targetHints":{"allow":["GET"]}}],"collection":[{"href":"https:\/\/lafibroyyo.com\/index.php?rest_route=\/wp\/v2\/pages"}],"about":[{"href":"https:\/\/lafibroyyo.com\/index.php?rest_route=\/wp\/v2\/types\/page"}],"author":[{"embeddable":true,"href":"https:\/\/lafibroyyo.com\/index.php?rest_route=\/wp\/v2\/users\/1"}],"replies":[{"embeddable":true,"href":"https:\/\/lafibroyyo.com\/index.php?rest_route=%2Fwp%2Fv2%2Fcomments&post=901"}],"version-history":[{"count":3,"href":"https:\/\/lafibroyyo.com\/index.php?rest_route=\/wp\/v2\/pages\/901\/revisions"}],"predecessor-version":[{"id":953,"href":"https:\/\/lafibroyyo.com\/index.php?rest_route=\/wp\/v2\/pages\/901\/revisions\/953"}],"wp:attachment":[{"href":"https:\/\/lafibroyyo.com\/index.php?rest_route=%2Fwp%2Fv2%2Fmedia&parent=901"}],"curies":[{"name":"wp","href":"https:\/\/api.w.org\/{rel}","templated":true}]}}

<h2>
		NUESTROS EVENTOS
	</h2>
<h2>
		Primer evento: Fullday sobre el Dolor crónico
	</h2>
				<img decoding="async" src="http://lafibroyyo.com/wp-content/uploads/2025/04/IMG_2662-scaled.jpeg" alt="IMG_2662" itemprop="image" title="IMG_2662" onerror="this.style.display='none'"  />
				<img decoding="async" src="http://lafibroyyo.com/wp-content/uploads/2025/04/IMG_2670-scaled.jpeg" alt="IMG_2670" itemprop="image" title="IMG_2670" onerror="this.style.display='none'"  />
<h2>
		Clases de Yoga para enfermedades crónicas
	</h2>
				<img decoding="async" src="http://lafibroyyo.com/wp-content/uploads/2025/04/a3e4eaf4-50bc-4c5f-ad1d-cb40df180b6e.jpeg" alt="a3e4eaf4-50bc-4c5f-ad1d-cb40df180b6e" itemprop="image" title="a3e4eaf4-50bc-4c5f-ad1d-cb40df180b6e" onerror="this.style.display='none'"  />
				<img decoding="async" src="http://lafibroyyo.com/wp-content/uploads/2025/04/a3e0e0f7-04bb-4d1c-ad79-e69658579a86.jpeg" alt="a3e0e0f7-04bb-4d1c-ad79-e69658579a86" itemprop="image" title="a3e0e0f7-04bb-4d1c-ad79-e69658579a86" onerror="this.style.display='none'"  />
<h2>
		Taller psicológico sobre la Depresión y el dolor crónico
	</h2>
				<img decoding="async" src="http://lafibroyyo.com/wp-content/uploads/2025/04/eb8c1e57-0f92-4fbf-9913-ca4ee3c2712c.jpeg" alt="eb8c1e57-0f92-4fbf-9913-ca4ee3c2712c" itemprop="image" title="eb8c1e57-0f92-4fbf-9913-ca4ee3c2712c" onerror="this.style.display='none'"  />
				<img decoding="async" src="http://lafibroyyo.com/wp-content/uploads/2025/04/c66cd19a-36dd-4909-ac1a-10f2e640f292.jpeg" alt="c66cd19a-36dd-4909-ac1a-10f2e640f292" itemprop="image" title="c66cd19a-36dd-4909-ac1a-10f2e640f292" onerror="this.style.display='none'"  />
<h2>
		Fibro Fest, 10 de mayo del 2025
	</h2>
				<img decoding="async" src="http://lafibroyyo.com/wp-content/uploads/2025/05/Captura-de-pantalla-2025-05-10-a-las-9.08.13-1-scaled.png" alt="Captura de pantalla 2025-05-10 a las 9.08.13" itemprop="image" title="Captura de pantalla 2025-05-10 a las 9.08.13" onerror="this.style.display='none'"  />
				<img decoding="async" src="http://lafibroyyo.com/wp-content/uploads/2025/05/Captura-de-pantalla-2025-05-10-a-las-10.07.47-1-scaled.png" alt="Captura de pantalla 2025-05-10 a las 10.07.47" itemprop="image" title="Captura de pantalla 2025-05-10 a las 10.07.47" onerror="this.style.display='none'"  />
				<img decoding="async" src="http://lafibroyyo.com/wp-content/uploads/2025/05/Captura-de-pantalla-2025-05-10-a-las-10.39.35-1-scaled.png" alt="Captura de pantalla 2025-05-10 a las 10.39.35" itemprop="image" title="Captura de pantalla 2025-05-10 a las 10.39.35" onerror="this.style.display='none'"  />
				<img decoding="async" src="http://lafibroyyo.com/wp-content/uploads/2025/05/Captura-de-pantalla-2025-05-10-a-las-12.18.55-1-scaled.png" alt="Captura de pantalla 2025-05-10 a las 12.18.55" itemprop="image" title="Captura de pantalla 2025-05-10 a las 12.18.55" onerror="this.style.display='none'"  />
				<img decoding="async" src="http://lafibroyyo.com/wp-content/uploads/2025/05/Captura-de-pantalla-2025-05-10-a-las-10.26.39-1-scaled.png" alt="Captura de pantalla 2025-05-10 a las 10.26.39" itemprop="image" title="Captura de pantalla 2025-05-10 a las 10.26.39" onerror="this.style.display='none'"  />
				<img decoding="async" src="http://lafibroyyo.com/wp-content/uploads/2025/05/Captura-de-pantalla-2025-05-10-a-las-11.19.25-1-scaled.png" alt="Captura de pantalla 2025-05-10 a las 11.19.25" itemprop="image" title="Captura de pantalla 2025-05-10 a las 11.19.25" onerror="this.style.display='none'"  />
<h2>
		Clases de yoga para dolor crónico
	</h2>
				<img decoding="async" src="http://lafibroyyo.com/wp-content/uploads/2025/05/1552d50c-a0c2-40ef-9405-a426db118917.jpeg" alt="1552d50c-a0c2-40ef-9405-a426db118917" itemprop="image" title="1552d50c-a0c2-40ef-9405-a426db118917" onerror="this.style.display='none'"  />
				<img decoding="async" src="http://lafibroyyo.com/wp-content/uploads/2025/05/IMG_4305.png" alt="IMG_4305" itemprop="image" title="IMG_4305" onerror="this.style.display='none'"  />

<p>NUESTROS EVENTOS Primer evento: Fullday sobre el Dolor crónico Clases de Yoga para enfermedades crónicas Taller psicológico sobre la Depresión y el dolor crónico Fibro Fest, 10 de mayo del 2025 Clases de yoga para dolor crónico</p>

<!-- This site is optimized with the Yoast SEO plugin v20.8 - https://yoast.com/wordpress/plugins/seo/ -->
<title>Nuestros eventos - La Fibro y Yo</title>
<meta name="robots" content="index, follow, max-snippet:-1, max-image-preview:large, max-video-preview:-1" />
<link rel="canonical" href="https://lafibroyyo.com/?page_id=901" />
<meta property="og:locale" content="es_ES" />
<meta property="og:type" content="article" />
<meta property="og:title" content="Nuestros eventos - La Fibro y Yo" />
<meta property="og:description" content="NUESTROS EVENTOS Primer evento: Fullday sobre el Dolor crónico Clases de Yoga para enfermedades crónicas Taller psicológico sobre la Depresión y el dolor crónico Fibro Fest, 10 de mayo del 2025 Clases de yoga para dolor crónico" />
<meta property="og:url" content="https://lafibroyyo.com/?page_id=901" />
<meta property="og:site_name" content="La Fibro y Yo" />
<meta property="article:modified_time" content="2025-05-27T16:24:18+00:00" />
<meta property="og:image" content="http://lafibroyyo.com/wp-content/uploads/2025/04/IMG_2662-scaled.jpeg" />
<meta name="twitter:card" content="summary_large_image" />
<script type="application/ld+json" class="yoast-schema-graph">{"@context":"https://schema.org","@graph":[{"@type":"WebPage","@id":"https://lafibroyyo.com/?page_id=901","url":"https://lafibroyyo.com/?page_id=901","name":"Nuestros eventos - La Fibro y Yo","isPartOf":{"@id":"https://lafibroyyo.com/#website"},"datePublished":"2025-04-10T19:31:15+00:00","dateModified":"2025-05-27T16:24:18+00:00","breadcrumb":{"@id":"https://lafibroyyo.com/?page_id=901#breadcrumb"},"inLanguage":"es","potentialAction":[{"@type":"ReadAction","target":["https://lafibroyyo.com/?page_id=901"]}]},{"@type":"BreadcrumbList","@id":"https://lafibroyyo.com/?page_id=901#breadcrumb","itemListElement":[{"@type":"ListItem","position":1,"name":"Portada","item":"https://lafibroyyo.com/"},{"@type":"ListItem","position":2,"name":"Nuestros eventos"}]},{"@type":"WebSite","@id":"https://lafibroyyo.com/#website","url":"https://lafibroyyo.com/","name":"La Fibro y Yo","description":"","publisher":{"@id":"https://lafibroyyo.com/#organization"},"potentialAction":[{"@type":"SearchAction","target":{"@type":"EntryPoint","urlTemplate":"https://lafibroyyo.com/?s={search_term_string}"},"query-input":"required name=search_term_string"}],"inLanguage":"es"},{"@type":"Organization","@id":"https://lafibroyyo.com/#organization","name":"La Fibro y Yo","url":"https://lafibroyyo.com/","logo":{"@type":"ImageObject","inLanguage":"es","@id":"https://lafibroyyo.com/#/schema/logo/image/","url":"https://lafibroyyo.com/wp-content/uploads/2023/06/cropped-cropped-cropped-Logo.png","contentUrl":"https://lafibroyyo.com/wp-content/uploads/2023/06/cropped-cropped-cropped-Logo.png","width":512,"height":512,"caption":"La Fibro y Yo"},"image":{"@id":"https://lafibroyyo.com/#/schema/logo/image/"}}]}</script>
<!-- / Yoast SEO plugin. -->

NUESTROS EVENTOS Primer evento: Fullday sobre el Dolor crónico Clases de Yoga para enfermedades crónicas Taller psicológico sobre la Depresión y el dolor crónico Fibro Fest, 10 de mayo del 2025 Clases de yoga para dolor crónico
